504. What is the hundreds digit of f?
6
Let k = -40188 + 116988. What is the tens digit of k/132 - 10/(-55)?
8
Suppose -31 + 34 = -3*l. Let s be (l - 3) + 4 + 3. What is the units digit of (-348)/(-2) + -3 + s?
4
Suppose -5*a + 17870 = 5*c - 0*a, -c - 2*a = -3578. Suppose 28*q = 34*q - c. What is the tens digit of q?
9
What is the tens digit of (-260368)/(-6) - ((-430)/30 + 15)?
9
Suppose 0 = -122*g + 209*g - 4542183. What is the thousands digit of g?
2
What is the tens digit of (-3 - 123119/(-2)) + ((-69)/(-6) - 10)?
5
Let x(o) = 12*o + 202. Let i be x(-17). Suppose 0 = -v, y + 2*y - 12 = -v. What is the hundreds digit of ((-1004)/5)/i + y/(-10)?
1
Let i(o) be the second derivative of -92*o**3/3 - 81*o**2/2 - 65*o. What is the hundreds digit of i(-4)?
6
Suppose 0 = -3*o + 4*w + 207354, 26563 + 111672 = 2*o - 3*w. What is the tens digit of o?
2
Suppose 88*k + 72*k - 8267972 = -2635012. What is the units digit of k?
6
Suppose 5*a = 2*s - 165, 5*s + a = 2*a + 355. Let t = -43 + s. What is the tens digit of t?
2
Let p(r) = r**2 + 16*r - 18. Let x be p(-17). Let o be x - ((-466 - 0) + 0). Suppose o = -q + 4*q. What is the units digit of q?
5
Suppose 3*l = -4*k - 5768 + 25901, -3*k - 2*l = -15100. What is the hundreds digit of k?
0
Let m = -8 + 54. Suppose -m*a = -44*a - 882. What is the units digit of a?
1
Let m = 36915 - 21095. What is the ten thousands digit of m?
1
Suppose 0 = 3689*o - 3627*o - 2385574. What is the thousands digit of o?
8
Suppose -4*z - 59 - 265 = 0. What is the units digit of z/(-27) - (-2 - -3 - 7)?
9
Let y(k) = -k**3 + 33*k**2 + 21*k - 211. What is the units digit of y(14)?
7
Let v = -71 - -76. Suppose v*w - 149 + 759 = 0. Let z = w + 208. What is the tens digit of z?
8
Let o(x) = -x**2 + 13*x - 19. Let v be o(11). Suppose 5*k - v*g - 1870 = 0, -4*k + 2*g + 748 = -2*k. Let m = k + -256. What is the units digit of m?
8
What is the hundreds digit of (9 + 95421/(-9) + -8)*15/(-2)?
5
What is the hundreds digit of (-6)/4*-6*(13184/96 - -2)?
2
Let x be (0 + 1)/((-10)/(-40)). Suppose 0 = 5*y + j - 10, -4 = -4*y + 5*j + x. What is the tens digit of ((-3)/y)/(2/(-116))?
8
Let s(v) = -7 - 10 + 3 + 108*v - v**3 - 107*v. What is the units digit of s(-6)?
6
Let w = -4420 - -7069. Suppose 22*f + w = 11559. What is the hundreds digit of f?
4
Let v = 161 - 61. Let d = 24 + v. What is the hundreds digit of d?
1
Let d be ((-336)/(-72))/(1/207). What is the units digit of 8/12 - d/(-9)?
8
What is the units digit of (-76244)/(-2) - (73 + -62)?
1
Let k = -131 - -120. What is the units digit of k*56*(-3)/6?
8
Suppose -464*r + 431*r + 146256 = 0. What is the thousands digit of r?
4
Suppose -1975 = -s + 10*p + 7616, 2*s + 3*p - 19113 = 0. What is the units digit of s?
1
Let c = -149 - -152. Suppose y - 1789 = -2*p, c*p + 3557 = 3*y - y. What is the thousands digit of y?
1
Let f(g) = -538*g + 30. Let r be (-3)/(15/10) + (-2)/2. What is the tens digit of f(r)?
4
Let n = 494 - 489. Suppose 3*v - 1050 = -2*j - v, -2*j + 1054 = n*v. What is the units digit of j?
7
Let t(d) be the third derivative of 0*d - 1/20*d**5 - 1/120*d**6 - 1/8*d**4 + 5*d**2 + 4/3*d**3 + 0. What is the tens digit of t(-5)?
7
Let t = 370 + -362. What is the thousands digit of (-67)/((-1)/(t + 18))?
1
Let x be 1104 - (0 - (-4 + 0/(-5))). Let r = 1795 - x. What is the units digit of r?
5
Suppose 74794 = 66*u - 4868. What is the units digit of u?
7
Let n(k) = -9*k**2 - k. Let q be n(-1). Let x(u) = -u**3 + 8*u**2 + 5*u - 27. What is the hundreds digit of x(q)?
9
Let p(b) = -264*b - 87. Let k be p(-10). Suppose k = 4*c - 2*c + 5*w, 0 = 3*c + 4*w - 3819. What is the tens digit of c?
6
Let p = -473 - -493. What is the thousands digit of (128/p)/(6/1620)?
1
Let m = 11242 - -3378. What is the hundreds digit of m?
6
Suppose -31*s - 17*s + 25889 = 10721. What is the units digit of s?
6
Suppose 0 = -191*f + 196*f - 75. Suppose f*v + 720 = 2445. What is the tens digit of v?
1
Let g(q) = 267*q + 2106. What is the tens digit of g(33)?
1
Let f = -21462 - -22079. What is the tens digit of f?
1
Let j = -383 + 256. Let t = 135 + j. Let v(p) = 3*p**2 + 6*p + 22. What is the tens digit of v(t)?
6
Let m(h) = 17462*h**2 + 27*h - 1. What is the thousands digit of m(1)?
7
Let v(i) = -i + 28. Suppose -2*l = -l - 2*l. Suppose l = 2*s - 59 + 79. What is the tens digit of v(s)?
3
Let y(f) = -2*f + 20. Let k be y(10). Suppose 5*n - 410 - 685 = k. What is the tens digit of n?
1
Let q(t) = 18*t + 47. Let s(k) = -6*k + 7*k - 20*k - 54 + 8. Let r(l) = -4*q(l) - 5*s(l). What is the units digit of r(5)?
7
Suppose -5*f + 10 = 0, -63*f + 18292 = v - 67*f. What is the ten thousands digit of v?
1
Let m(p) = 4*p**2 - 209*p - 344. What is the hundreds digit of m(68)?
9
Let u be 1 + 2 + 380/1. Let c = -365 + u. What is the units digit of c?
8
Let j be (-23)/(-7) + (-7)/(196/8). Suppose -1 = j*x - 7. Suppose x = -2*y, 0 = -2*k - 0*k - 4*y + 236. What is the tens digit of k?
2
Suppose -22 = -7*j - 1. Let w be j + 0 + (12 - 14). What is the tens digit of (-10 + w - 0)/(3/(-18))?
5
Let n be -4 + (-6)/(18/(-159)) - 1. Suppose 0 = 4*g - 2472 - n. What is the hundreds digit of g?
6
Suppose -5*r + 6686 = -2*v, -3*r + 2082 + 1930 = -v. Suppose 3*l = 5*u + 2496, 0 = 5*l + 5*u - r - 2862. What is the hundreds digit of l?
8
Suppose 8*y - 10998 = -958. What is the thousands digit of y?
1
Let o be -1 - -2 - 2/(-2). Suppose 0*z + 4*z - o*a = 18, z + 5*a = 10. What is the tens digit of 579/5 + ((-7)/z)/(-7)?
1
Let n(v) be the first derivative of 13*v**2/2 - 19*v + 11. Let p be n(7). Let s = p + -49. What is the units digit of s?
3
Suppose -z + v = -26220 - 7318, -5*v = 4*z - 134179. What is the units digit of z?
1
Suppose -47*u + 39*u = -11144. What is the hundreds digit of u?
3
Suppose 0 = -h + s, 60*h = 65*h - 4*s. Suppose 11*y - 1427 - 5976 = h. What is the hundreds digit of y?
6
Let x = -5884 - -601. What is the units digit of 273/(-156) + x/(-4)?
9
Let n(v) = 38*v + 3477*v**2 + 90 - 11*v - 3476*v**2. What is the tens digit of n(-29)?
4
Let c(l) = 3*l + 18. Suppose -2*n + 126 = -14. Suppose 0 + n = 5*i. What is the units digit of c(i)?
0
Let w = -8 + 16. Suppose 2*l + 3600 = w*l. What is the tens digit of l?
0
Let d(m) be the second derivative of 0 - 19/2*m**2 + 3/4*m**4 - 5/6*m**3 + 1/20*m**5 + 22*m. What is the units digit of d(-9)?
6
Suppose 0 = 14*i + 24*i - 75924. What is the hundreds digit of i?
9
What is the tens digit of 1371 + (-68)/16 + 0 + (-8)/(-32)?
6
Let q be 2 + (3/(-9) - 32/(-6)). Suppose 6516 = q*n + 11*n. What is the units digit of n?
2
Let y be (17/(-119))/(3/(-231)). Let n(k) = 5*k**2 + 28*k - 173. What is the tens digit of n(y)?
4
Let i(t) = -12*t + 1382. Let p be i(0). Let s = -293 + p. What is the tens digit of s?
8
Suppose 48 = 2*s - 3*s + 5*z, -5*s - 218 = -3*z. Let v = s - -44. What is the tens digit of 26*(v + 3 - 2)?
5
What is the units digit of (-38)/3933*-23 - (-179168)/18?
4
Suppose 18*q = -18*q - 26*q + 2318490. What is the thousands digit of q?
7
Suppose 5*v + 6 - 16 = 0. Suppose -6 - 14 = v*y. What is the units digit of y/(-15) - (-164)/6?
8
Let x = -2254 - -4950. What is the tens digit of x?
9
Let v(w) = 130*w - 81. Let p(k) = -131*k + 81. Let m(j) = 4*p(j) + 3*v(j). What is the tens digit of m(-8)?
5
Let j = -145 - -147. Let w be 6/(-9) - 58/3. What is the units digit of (-790)/w*(0 + j)?
9
Let o be 2145 - 3 - (5/5 - -4). Suppose -a + o = 2*u + 115, 1008 = u - a. What is the thousands digit of u?
1
Suppose 72*g - 74*g - 4*t + 98 = 0, 213 = 5*g + 2*t. Suppose -707 = -u - 2*x, 2*u - 39*x = -g*x + 1404. What is the units digit of u?
7
Suppose -6*w + 18 = -18. Suppose w*f = 5*f + 7. Suppose -f*c + 93 = -733. What is the units digit of c?
8
Let x(n) be the first derivative of -n**4/4 + 2*n**3 - n**2 + 22*n + 1. Suppose 0 = -2*o - 5*q + 30, 0 = -94*o + 90*o + 5*q. What is the tens digit of x(o)?
3
Let o(m) = 39*m + 106 - 175*m + 67*m - 42. What is the units digit of o(-6)?
8
Let f be ((-8)/6)/((-2)/(-3)). What is the hundreds digit of (f + 3)*(4 + 207)?
2
Let l = 192 + -190. Suppose l*a = 388 + 114. What is the hundreds digit of a?
2
Let t(u) = 93*u**3 + u**2 + 3*u - 3. What is the units digit of t(4)?
7
Let z = 33802 + -15741. What is the ten thousands digit of z?
1
Let h = 326 + -238. Let q(w) = -w